 Give m(25).
-27
Let u(v) = -52*v + 3520. What is u(67)?
36
Let r(j) = -17*j**3 + 18*j + 37. What is r(-2)?
137
Let y(p) = 16*p + 25. What is y(-12)?
-167
Let y(u) = 12213*u - 73277. Determine y(6).
1
Let r(y) = 6*y**2 - 185*y - 46. Calculate r(31).
-15
Let l(d) = 2*d**2 - 278*d + 7408. Determine l(103).
-8
Let b(y) = 9*y**2 - 80*y + 25. Determine b(10).
125
Let d(a) = -16*a**2 - 74*a - 31. Give d(-4).
9
Let n(u) = 462*u + 405. Give n(-1).
-57
Let l(c) = -c**3 - 13*c**2 - 42*c + 22. Give l(-6).
22
Let p(o) = -o**3 - o**2 + 13*o + 13. Determine p(-6).
115
Let h(p) = -p**2 + 512*p + 2076. What is h(-4)?
12
Let b(j) = -5*j**2 - 204*j + 833. Determine b(4).
-63
Let i(y) = 2*y**2 - 149*y + 217. Calculate i(71).
-280
Let d(x) = x**3 + 17*x**2 + x - 143. What is d(-3)?
-20
Let z(s) = -s**2 + 16*s + 297. Calculate z(-13).
-80
Let s(m) = -3*m**2 + 6*m - 10. Give s(-6).
-154
Let m(a) = a**3 - 9*a**2 + 14*a - 311. What is m(10)?
-71
Let x(d) = -5*d + 1206. What is x(32)?
1046
Let x(a) = a**2 - 40*a - 61. Determine x(39).
-100
Let s(r) = -7963*r - 39808. Calculate s(-5).
7
Let v(z) = z**3 + 47*z**2 - 154*z + 8. Determine v(3).
-4
Let n(b) = 28*b**2 + 382*b + 182. Calculate n(-13).
-52
Let r(m) = 58*m + 415. What is r(-7)?
9
Let p(l) = 247*l - 2962. Give p(12).
2
Let n(k) = 2*k**3 + k**2 + 78*k + 165. What is n(-2)?
-3
Let w(y) = -135*y - 119. What is w(3)?
-524
Let q(a) = 22*a**2 - 44*a - 70. Calculate q(5).
260
Let m(u) = 5*u**2 - u - 5. Give m(-5).
125
Let n(d) = -d**3 - 175*d**2 - 1495*d + 36. Calculate n(-9).
45
Let k(m) = -544*m + 1520. Give k(3).
-112
Let o(w) = -w**3 - 9*w**2 + 2*w - 25. Determine o(-5).
-135
Let z(t) = -t**3 - 11*t**2 - 28*t - 9. Determine z(-7).
-9
Let v(o) = -3*o**2 - 74*o + 67. Give v(-26).
-37
Let f(a) = -a**2 + 6*a + 52. Determine f(-7).
-39
Let w(t) = -t**3 + 17*t**2 - 66*t - 17. Calculate w(15).
-557
Let s(w) = 6*w**2 + 35*w - 76. What is s(2)?
18
Let b(a) = -10*a**2 - 43*a - 9. Give b(-4).
3
Let w(u) = u**2 + 3*u - 90. Give w(-35).
1030
Let o(p) = 105*p - 870. Determine o(5).
-345
Let n(f) = 36*f + 1038. Give n(-41).
-438
Let g(k) = -7*k**3 - 23*k**2 + 95*k + 3. Give g(5).
-972
Let n(w) = -45*w + 311. Give n(6).
41
Let t(o) = 98*o - 1072. Calculate t(10).
-92
Let c(h) = -h**3 + 2*h**2 + 9*h - 122. Determine c(0).
-122
Let w(i) = -41*i**2 + 249*i. What is w(6)?
18
Let r(h) = h**3 - 288*h**2 - 2685*h + 3561. Calculate r(297).
-3
Let r(g) = 6*g**2 + 8*g + 18. What is r(-2)?
26
Let s(k) = -5*k**3 - 8840*k - 8840. Determine s(-1).
5
Let g(t) = 1223*t + 2459. Determine g(-2).
13
Let y(x) = -8*x - 112. Determine y(-15).
8
Let a(u) = -u**3 + 20*u**2 - 94*u + 43. Determine a(13).
4
Let o(f) = -2*f**2 + 42*f - 192. Determine o(9).
24
Let w(a) = -3*a**2 + 24*a - 99. Calculate w(5).
-54
Let y(l) = l**3 - 140*l**2 + 1657*l - 79. Calculate y(13).
-1
Let j(f) = -f**3 - 14*f**2 + 15*f + 202. Give j(-14).
-8
Let k(f) = 581*f + 4679. Determine k(-8).
31
Let w(z) = -z**3 - 12*z**2 - 6*z + 50. What is w(-13)?
297
Let t(h) = -74*h - 159. Calculate t(-2).
-11
Let i(v) = 3*v**2 + 177*v - 1771. What is i(9)?
65
Let w(x) = -2*x**3 + 19*x**2 + 6*x - 231. Give w(8).
9
Let d(r) = 2*r**2 - 2487*r - 32662. Give d(-13).
7
Let l(v) = 47*v**2 + 8*v - 21. What is l(-4)?
699
Let l(h) = 88*h**2 - 263*h + 10. Determine l(3).
13
Let r(p) = -p**2 - 80*p - 1233. What is r(-59)?
6
Let q(n) = -n**2 - 151*n + 2485. Determine q(15).
-5
Let p(b) = b**3 - 4*b**2 - 2*b + 46. What is p(-5)?
-169
Let t(p) = -39*p - 4528. Give t(-116).
-4
Let m(u) = -5*u**2 - 11*u + 119. Calculate m(-6).
5
Let p(r) = 11*r + 3. What is p(-3)?
-30
Let u(z) = -z**2 + 54*z - 96. Determine u(55).
-151
Let w(a) = -a**3 - 14*a**2 + 109*a + 1182. What is w(-16)?
-50
Let w(j) = 3*j**2 + 22*j + 27. Calculate w(-2).
-5
Let a(l) = -l**3 - 41*l**2 - 123*l - 339. Determine a(-38).
3
Let d(y) = y**2 + 341*y - 2785. Determine d(8).
7
Let v(w) = w**2 - 149*w + 435. Calculate v(147).
141
Let p(m) = -45*m - 751. What is p(-18)?
59
Let n(s) = 11*s**2 + 469*s + 3073. What is n(-8)?
25
Let v(u) = -u**3 + 27*u**2 - 182*u - 1. What is v(12)?
-25
Let j(d) = -d**3 + 25*d**2 - 15*d - 717. What is j(23)?
-4
Let d(j) = 2177*j - 8699. Determine d(4).
9
Let a(x) = x**3 + 10*x**2 - 14*x + 10. What is a(-11)?
43
Let a(t) = 4*t**3 + 20*t**2 - 30*t - 26. What is a(-6)?
10
Let l(u) = 2*u**3 - 114*u**2 - 141*u + 1436. What is l(58)?
-14
Let h(l) = -l**2 - 93*l + 6862. What is h(49)?
-96
Let v(d) = -4*d**2 - 49*d + 65. Determine v(-13).
26
Let q(p) = 2*p**3 - 84*p**2 + 835*p - 67. Calculate q(26).
11
Let f(t) = -51*t + 3564. Determine f(72).
-108
Let i(v) = 12*v**3 - 15*v**2 + 40*v - 2. Give i(2).
114
Let o(l) = -54*l - 104. Determine o(-3).
58
Let s(j) = 82*j + 2324. Calculate s(-29).
-54
Let s(a) = 80*a + 659. Calculate s(-9).
-61
Let p(l) = 84*l + 4637. Give p(-55).
17
Let f(r) = -r**3 - r**2 + 5*r + 25. Give f(0).
25
Let j(d) = d**2 - 32*d + 249. Calculate j(16).
-7
Let c(m) = 47*m + 80. Calculate c(-2).
-14
Let b(p) = -p**3 - 40*p**2 - 188*p - 473. Give b(-35).
-18
Let v(n) = -2*n**3 + n**2 - 2*n + 1. Calculate v(2).
-15
Let j(n) = -2*n**2 + 63*n + 1134. Calculate j(44).
34
Let g(q) = q**3 - 384*q**2 - 10235*q - 250. What is g(-25)?
0
Let h(s) = 6*s**2 + 15. Give h(-3).
69
Let z(v) = -248*v**3 - 119*v**2 + 119*v + 1. Give z(1).
-247
Let w(j) = -j**2 - 46*j + 749. Give w(-59).
-18
Let z(w) = 94*w + 1298. Give z(-14).
-18
Let f(r) = -3*r**2 + 65*r - 49. Determine f(15).
251
Let z(b) = b**2 + 121*b + 2608. Give z(-95).
138
Let c(u) = -u**3 - 177*u**2 + 539*u - 311. Determine c(-180).
-131
Let d(t) = 51*t + 820. Give d(-19).
-149
Let u(d) = 22*d + 167. Determine u(-8).
-9
Let c(a) = a**2 + 142*a + 281. Determine c(-2).
1
Let h(s) = -10*s**2 - 412*s - 150. What is h(-41)?
-68
Let v(f) = f**3 + 9*f**2 + 11*f + 3. Calculate v(-7).
24
Let r(k) = k**2 + 30*k - 1302. Calculate r(-54).
-6
Let y(h) = h**3 + 209*h**2 - 554*h - 27847. Calculate y(-211).
5
Let g(w) = -w**3 - 16*w**2 + 57*w - 58. Determine g(-19).
-58
Let t(k) = 376*k - 3743. Calculate t(10).
17
Let n(p) = -3*p**2 + 87*p + 64. Calculate n(28).
148
Let m(k) = -k**3 + 9*k**2 + 400*k - 8. Give m(25).
-8
Let u(n) = -5*n + 238. Give u(47).
3
Let j(o) = -3*o**3 - 66*o**2 + 12*o + 326. What is j(-22)?
62
Let u(k) = -k**2 - 510*k + 2052. Give u(4).
-4
Let u(j) = -4113*j - 8219. What is u(-2)?
7
Let b(p) = -87*p**3 - p - 2. What is b(-1)?
86
Let x(l) = 34*l**2 + 279*l + 3. What is x(-8)?
-53
Let w(h) = 497*h + 20408. Calculate w(-41).
31
Let i(u) = u**2 - 113*u + 2854. Determine i(75).
4
Let p(s) = s**2 + 28*s + 141. What is p(-11)?
-46
Let a(q) = 299*q - 1117. Give a(4).
79
Let d(w) = -w**3 - 74*w**2 - 1005*w + 177. Determine d(-56).
9
Let u(i) = -2*i**3 - i**2 - 355*i - 82. Determine u(0).
-82
Let f(t) = -5*t**2 - 167*t - 105. Determine f(-33).
-39
Let b(o) = 13*o**2 + 252*o + 88. Give b(-19).
-7
Let q(x) = -4038*x + 28269. Determine q(7).
3
Let u(r) = -399*r + 430. Give u(1).
31
Let c(d) = -d**3 + 31*d**2 + 2*d - 31. Give c(31).
31
Let t(c) = 3*c**2 - 23*c + 40. What is t(4)?
-4
Let d(t) = -t**3 - 14*t**2 - 55*t - 135. Determine d(-7).
-93
Let d(z) = 20*z - 156. Give d(5).
-56
Let i(l) = -73*l + 3127. What is i(43)?
-12
Let h(s) = -11*s**2 - 34*s + 2. What is h(-2)?
26
Let k(w) = 193*w - 1271. Give k(7).
80
Let s(i) = -5*i**2 - 167*i + 271. Calculate s(-35).
-9
Let v(b) = -b**3 - 13*b**2 - 319*b - 4141. Give v(-13).
6
Let o(v) = v**3 + 23*v**2 - 12*v + 50. Determine o(-23).
326
Let q(v) = v**3 + 29*v**2 + 134*v + 72. What is q(-5)?
2
Let p(o) = 2*o**3 - 166*o**2 - 339*o - 100. What is p(85)?
-15
Let p(h) = -334*h + 1339. What is p(4)?
3
Let p(n) = 2*n**2 + 55*n - 390. Determine p(-33).
-27
Let k(z) = z**3 + 4*z**2 - 31*z - 9. What is k(4)?
-5
Let y(b) = -1454*b - 172. What is y(0)?
-172
Let c(r) = 119*r**3 + 16*r**2 + 19*r + 4. What is c(-1)?
-118
Let i(r) = -r**3 + 18*r**2 + 7*r - 127. Calculate i(18).
-1
Let o(c) = -9*c**2 - 382*c - 1383. What is o(-4)?
1
Let w(a) = 4*a**2 + 83*a - 238. Give w(3).
47
Let q(r) = r**3 - 77*r**2 + 5. What is q(77)?
5
Let y(q) = 45*q + 183. What is y(-4)?
3
Let w(n) = -4*n**2 - 51*n - 34. Determine w(-10).
76
Let v(q) = 38*q**2 + 41*q + 40. Determine v(-1).
37
Let l(z) = z**3 + 7*z**2. Give l(-6).
36
Let v(z) = -111*z + 632. Give v(6).
-34